et z = w + 59. What are the prime factors of z?
3, 7
Let n(y) = -y**2 + 6*y. Let c be n(7). Let r(k) = 2*k + 9. Let i be r(-7). Let w = i - c. What are the prime factors of w?
2
Suppose 0*o + 4 = 2*o. Suppose 3*x = -i - 4, 3*x + 2*x = o*i - 3. Let b = 1 - x. What are the prime factors of b?
2
Suppose -5*m = -0*m + 75. Let c be m/(-4)*(0 - -4). Suppose 0*g - 3*g = -c. What are the prime factors of g?
5
Let z(w) = 3*w**2 - 5*w - 2. List the prime factors of z(6).
2, 19
Suppose 5 = 5*k + 15. List the prime factors of -5*(4/5)/k.
2
Suppose -11 = -d - 35. Let b = d - -50. List the prime factors of b.
2, 13
Suppose -126 = -0*m - 3*m. List the prime factors of m.
2, 3, 7
List the prime factors of (-2)/(-1) + 0 - 3150/(-14).
227
Let p(b) = -b**3 - 6*b**2 + 3*b + 7. Let s be p(-8). Suppose 0 = -2*u + 2*n + 58, -3*n = 3*u + 2*n - s. What are the prime factors of u?
2
Suppose 217 = 5*l + 4*d, -145 = 3*l - 6*l + 5*d. List the prime factors of l.
3, 5
Let a = -1 + -4. Let c(f) = -f + 3. List the prime factors of c(a).
2
List the prime factors of ((-1)/(-2))/((-11)/(-1474)).
67
Let b = 11 + -9. Suppose b*s + 0*s = 18. What are the prime factors of s?
3
Let v = 14 + -5. What are the prime factors of v?
3
Suppose 0 = -2*b - 0*b + 10. Let t(q) = -q - 2. Let w be t(0). Let a = w + b. What are the prime factors of a?
3
Let c(l) = -l**3 - 8*l**2 - 8*l + 1. Suppose h + 7 = 2*k - 22, 17 = k - h. Let f = 5 - k. What are the prime factors of c(f)?
2
Let j = -2 - 3. Let n = j + 10. What are the prime factors of n?
5
Suppose -a - 4*a = -275. Suppose 4*y + 11 = a. List the prime factors of y.
11
Suppose 2*j = 2*o + 5*j + 5, 4*o = -j + 5. List the prime factors of o.
2
Let w(b) = b**3 + 7*b**2 + 5*b + 5. What are the prime factors of w(-5)?
2, 3, 5
Let r(w) be the third derivative of w**4/24 - w**3/6 + w**2. Let b be r(-1). List the prime factors of -26*b/4 - 2.
11
Let u(a) be the first derivative of -a**4/4 + 5*a**3/3 - 5*a - 1. List the prime factors of u(4).
11
Let j = -6 + 7. Suppose d - j = 2*u, -29 - 24 = -5*d - 2*u. What are the prime factors of d?
3
Suppose -4*n = -5*n + 6. Let f = 29 + n. Let d = f + -18. What are the prime factors of d?
17
Let t(r) = -r**2 + r + 3. Suppose 3*k - 4*i + 3 = 0, -5*k - 4*i = -19 - 8. Let a be t(k). What are the prime factors of ((-3)/a + 0)*3?
3
Suppose 3*u + 4*j + 16 = 0, -3*u - 2*j - 21 = j. Let t = u - -20. List the prime factors of t.
2
Suppose 0*n = -3*n + 87. List the prime factors of n.
29
Let i(g) = g**2 - 5*g + 8. What are the prime factors of i(10)?
2, 29
Let p = -26 - -62. Suppose 2*s - p - 6 = 0. Suppose 2*g - g + 4*y - s = 0, 0 = 4*g + 4*y - 60. List the prime factors of g.
13
Let t(d) = d**2 - 5*d + 5. Let w be t(5). Let c = 5 - 3. Suppose -c*m = w - 15. What are the prime factors of m?
5
Suppose -2*f + 6*f = 36. Suppose 5*g = 49 - f. List the prime factors of g.
2
Let m be (3 - 0)*(-10)/(-6). Suppose m*r - 42 = 43. What are the prime factors of r?
17
Let o be 1/(-1) + 0 + 0. Let m = o - 0. Let y(a) = -5*a**3 - 1. What are the prime factors of y(m)?
2
Let f = -245 - -456. List the prime factors of f.
211
Let d = -1 + 3. Let t(q) = -d*q - 2*q + q + 1 + 1. List the prime factors of t(-6).
2, 5
Let p = 15 - 11. Suppose -9 + p = -h. What are the prime factors of h?
5
Let u = 5 + -1. What are the prime factors of (-106)/(-10) - u/(-10)?
11
List the prime factors of (3/2)/(3/14).
7
Let j = -681 + 963. List the prime factors of j.
2, 3, 47
Let j be (3 + -2)*(0 - -3). Let n = -10 + 43. Suppose 0 = -0*u + j*u - n. What are the prime factors of u?
11
Let n(v) = -2 + 3*v**3 - 4*v + 10*v**3 + 3 + 2*v. Let i(b) = b**3 + b**2 - 4*b - 3. Let l be i(-2). List the prime factors of n(l).
2, 3
Suppose 2731 + 329 = 10*y. What are the prime factors of y?
2, 3, 17
Suppose 3*l + 54 - 138 = 0. What are the prime factors of 19/7 + 8/l?
3
Let m(c) = 2*c**2 - 3*c + 22. What are the prime factors of m(0)?
2, 11
Let w be (-270)/(-4)*8/6. Suppose -i = 4*i - w. Let r = i + -10. List the prime factors of r.
2
Suppose 18 = 5*l + t, 2*t + 11 = l + 3. List the prime factors of ((-1)/2)/(l/(-264)).
3, 11
Let b = -55 + 90. List the prime factors of b.
5, 7
Suppose 5*s + 7 = 37. Let d be ((-27)/6)/(2/(-4)). Let k = d - s. List the prime factors of k.
3
Let p(c) = -c**3 - 2*c**2 - 3*c - 3. Suppose 4*s - 7*s = -12. Let f = s - 7. What are the prime factors of p(f)?
3, 5
Suppose -5*k + 2*x + 2*x = 84, 4*k + 5*x = -100. What are the prime factors of ((-16)/k)/(2/25)?
2, 5
Suppose -2*b + 3 = -7. Suppose g + 25 = b*o, -14 = -2*o + g - 4. Suppose -2*l = o*a - 65, -l - 20 = -5*l. What are the prime factors of a?
11
Suppose 2*u + 2*i = -12, -2*u = 3*u - 3*i + 6. What are the prime factors of (35/(-3))/(u/9)?
5, 7
Let r(x) = x**2 + 8*x + 6. Let q be r(-7). Let o(a) = -10*a**3 - a**2 - 2*a - 1. Let h be o(q). List the prime factors of -2 + h + 0 + -2.
2, 3
Let o(j) = 5*j - j - 1 + 2 + j**2 - 3. Let b be o(-6). Let x = 22 - b. List the prime factors of x.
2, 3
Suppose 2*a - 5*a - 108 = 0. Let c = a - -51. List the prime factors of c.
3, 5
Let z(f) = f**3 + 5*f**2 + 4*f + 2. Suppose 0 = -2*v - 0*v + 8. Let c = -8 + v. What are the prime factors of z(c)?
2
Let z(d) = -4 + 4 + 2*d. Let i be z(1). Suppose -u + 7 = -2*w, -3*w + i = -4. List the prime factors of u.
11
List the prime factors of ((-1)/1)/(2080/695 - 3).
139
Let l(r) = 0*r - 3*r - 4 + 0*r + 4*r. Let j be l(-5). Let d = -2 - j. What are the prime factors of d?
7
List the prime factors of (42/8)/(-4 + 34/8).
3, 7
Let j = 21 + -1. What are the prime factors of j?
2, 5
Let i = 54 - 38. Suppose -4*q = -2*d + i, -q + 2*q + 31 = 5*d. List the prime factors of d.
2, 3
Suppose -3*w + 696 = 231. List the prime factors of w.
5, 31
Let m(a) = 3*a**2 - 7*a - 3. Let c(f) = 5*f**2 - 15*f - 5. Let d(v) = 4*c(v) - 7*m(v). What are the prime factors of d(-6)?
31
Suppose 0 = 5*i - 4*o - 20, -2*i + o + 2 = -3. Suppose -3*h + 5*y + 124 = i, -4*h + 5*y = -28 - 144. What are the prime factors of h?
2, 3
Let a be (-3)/2*(-24)/(-36). List the prime factors of 22 + -1 - (a + 0).
2, 11
Suppose 0 = 5*q - 3*q - 12. Let j be ((-2)/3)/(q/9). Let t = 9 - j. What are the prime factors of t?
2, 5
Let t(v) = -v**2 + 2*v - 6. Let h be t(6). List the prime factors of h/(6/((-6)/2)).
3, 5
Let w(s) = s**3 + 22*s**2 + 2. What are the prime factors of w(-22)?
2
Let t(r) = -r**2 + 10*r - 4. Let i = -5 + 13. List the prime factors of t(i).
2, 3
Suppose 540 = 4*j + j. What are the prime factors of j?
2, 3
Let p(m) = 2*m + 9. Let w be p(-9). Let f be (w/(-3) - 6)/1. Let r(l) = -3*l - 4. What are the prime factors of r(f)?
5
Suppose -2*s + 31 + 81 = 0. What are the prime factors of s?
2, 7
Suppose 0*s - 66 = -3*s. List the prime factors of s.
2, 11
Let r = -6 - -15. What are the prime factors of r?
3
Let k(w) be the first derivative of w**2/2 + 3*w - 2. Let q be k(0). Suppose -q*y + 21 = -0*y. List the prime factors of y.
7
Suppose -4*j + 5*j = 2. List the prime factors of 6/(-1*j/(-12)).
2, 3
Let r(x) = 3*x - 2. Let i be r(2). Suppose -5*k - i*d + 3*d + 8 = 0, -3*k - 2 = 4*d. What are the prime factors of k?
2
Suppose 4*k - 60 = 2*y + 92, 0 = -2*y + 4. Suppose -5*b - 46 = -3*h, 3*h - 5*b = 5*h - k. What are the prime factors of h?
17
Let v = 0 - 7. Let m(d) = -d - 5. Let l be m(v). Suppose l*x = -2*x + 40. List the prime factors of x.
2, 5
Let w(n) = 24*n + 1. Let u be w(1). Suppose -p + u = 4*p. List the prime factors of p.
5
Suppose 5*d - 549 = -2*j, -4*j + 858 = -j - 4*d. What are the prime factors of j?
2, 3, 47
Suppose 3*v - 9 = 5*x + 13, -3*v = -x - 38. What are the prime factors of v?
2, 7
Suppose -4 = 4*q + 8, 0 = 2*h - q - 23. Suppose -6*n + n = -h. Suppose -k = -1, -k - n*k = -3*t + 39. List the prime factors of t.
2, 7
Suppose 2*l - 5 = -5*h - 0, -2*h - l + 1 = 0. Suppose -5*p = -u, -12 = -h*u + 5*p + 8. What are the prime factors of u?
2, 5
What are the prime factors of (3 - 2)/((21/(-156))/(-7))?
2, 13
Let h(s) = 4*s - 6 + 2 + 0. Let o be h(3). Suppose -o - 4 = -4*d. What are the prime factors of d?
3
Let c(s) = s**2 - 4*s + 17. List the prime factors of c(-8).
113
Let m = 8 + 13. List the prime factors of m.
3, 7
Suppose -34 = -3*c + 2*c. Let o = c - 23. What are the prime factors of (-1 + o)*(-1 + 2)?
2, 5
Let x be (-1)/(-7) + 36/(-7